20*n**2 - 3*n. Let h be 1/(-2) - 1/2. Calculate j(h).
-1
Let x(t) = -3*t**3 + 3*t**2 - 3*t - 9. Let g(i) = 4*i**3 - 4*i**2 + 4*i + 10. Let r(k) = -2*g(k) - 3*x(k). Determine r(0).
7
Let w(p) = p**2 - 2*p - 1. Suppose 4*u = 8, 13*r - 3*u = 9*r + 6. Calculate w(r).
2
Let t be 1/(-3) + 48/9. Suppose j - 5 = -2*g, 2*g = -j + t*j. Let l(w) = -3*w + g*w - 2 + 2*w - 2*w. Calculate l(2).
-4
Let t(l) = -l**3 - 4*l**2 - l - 2. Let q(g) = -g**3 + 8*g**2 - 2*g + 12. Let w be q(8). Let c be t(w). Let z(v) = -2*v**2 + 4*v**c - v + 4*v - v. Give z(-2).
4
Let j(o) be the second derivative of o**5/40 - o**4/6 + o**3/3 + o. Let l(n) be the second derivative of j(n). Determine l(3).
5
Let v = -7 + 4. Let f(k) be the third derivative of 0*k - k**2 - 1/6*k**3 + 0 + 1/24*k**4. Give f(v).
-4
Let i be (-6)/4*(-8)/6. Let h(k) = -2*k**2 + 3*k. Give h(i).
-2
Let w(y) be the third derivative of y**4/12 + 5*y**3/6 - y**2. Let s be w(-5). Let g(v) = -v**3 - 4*v**2 + 4*v - 4. What is g(s)?
1
Suppose -o - a = 2, -4*a + 7*a = o - 10. Let p be o/(-3)*1*-3. Let g(q) = 4*q + 1. Calculate g(p).
5
Suppose -3*t + 0*t + 60 = 0. Let r be (6/5)/((-6)/t). Let i(l) be the second derivative of -l**5/20 - 5*l**4/12 - l**3/3 - l**2 + 8*l. What is i(r)?
-10
Let r(g) = -g**3 - g**2 + g + 3. Let j be r(0). Let z(s) = -s**3 + 4*s**2 - 4. Calculate z(j).
5
Let c(g) = -g**3 - g + 2*g**3 + 0*g**3 - g**2. Determine c(0).
0
Suppose -10 = -5*p - 0. Let w(j) = -7*j**3 + 9*j**2 - 3*j + 1. Let s(l) = -3*l**3 + 4*l**2 - l. Let d(n) = -5*s(n) + 2*w(n). Calculate d(p).
0
Let v(u) = 58 + 3*u - 29 - 31. Give v(3).
7
Let u(x) be the first derivative of -x**3/3 - 9*x**2/2 - 7*x - 21. Give u(-7).
7
Let j(x) = -x**3 - 3*x**2 + 3*x - 1. Let y be j(-4). Let i(k) = 2*k - 2 + 1 + k**2 - 4*k. Give i(y).
2
Let t(z) be the first derivative of z**4/4 - z**3/3 + z + 6. Calculate t(0).
1
Let f(s) be the first derivative of -1/4*s**4 - 7*s + 7/2*s**2 + 4/3*s**3 + 4. Determine f(5).
3
Let z(o) = o**3 + 5*o**2 + 2*o + 3. Let t be z(-4). Let y = 0 - t. Let b(r) = 3*r + 23. Let n(f) = -f - 8. Let v(h) = y*n(h) - 4*b(h). Determine v(-4).
0
Suppose -2*v - 1 = 5. Let a(h) = -2*h**2 + h**2 + h + 1 + 1. What is a(v)?
-10
Let o(h) = 3*h - 1. Let b be o(-3). Let j be (-24)/b - 6/(-10). Let q(m) = m**3 - 3*m**2 + m - 1. Let w be q(j). Let p(d) = -d**2 - d + 2. Determine p(w).
-4
Let y(q) be the second derivative of -q**4/12 - 5*q**3/6 - 7*q**2/2 + 3*q. What is y(-6)?
-13
Let j(h) = -h**3 + 15*h**2 - 14*h - 2. Let g be j(14). Let b(v) = -v**2 - 3*v - 3. Give b(g).
-1
Let y(s) be the third derivative of -s**4/24 - 2*s**3/3 + s**2. Let p be (-160)/25 - 4/(-10). What is y(p)?
2
Let q(u) = -u - 14. Let n = -60 + 54. Calculate q(n).
-8
Suppose -3*c + 2*m = -2 - 0, -31 = -4*c - 3*m. Let x(w) = 4 + 0*w - c*w - 6 + w**2. Give x(4).
-2
Suppose 18*s + 2 = 19*s. Let k(w) = w - 1. Give k(s).
1
Let g = -11 + 9. Let m(j) = j. Determine m(g).
-2
Let c be 24/(21/(-7))*1/(-2). Let m(r) be the second derivative of -r**3/6 + 3*r**2/2 + r. What is m(c)?
-1
Let c(l) = -8*l**3 - l - 1. Let h be c(-1). Let r(t) = 3*t - 1. Let k(i) = 5*i - 1. Let g(q) = h*r(q) - 5*k(q). Determine g(0).
-3
Suppose 3*g - 5*y + 29 = 0, 0*g + 2*y - 11 = g. Let f be -1 - g - (-1 + 2). Let o(l) = 2 - l - 6*l**3 + 3 - 4. Give o(f).
-6
Let h(j) be the first derivative of 10*j**3/3 + j**2/2 - 1. Determine h(-1).
9
Let a(h) = -h**2 + 7*h + 7. Let j be (-7 + 9)*(-14)/(-4). What is a(j)?
7
Let f(k) = -k + 6. Suppose 11 - 26 = -3*n + 5*x, 5 = n + 4*x. Suppose n*i + 49 = 4*v, 3*i + 47 = -0*v + 4*v. Let t = 11 - v. Give f(t).
6
Let f = 10 - 6. Let j(r) = -r**2 - 2*r + 9. Let h be j(-4). Suppose 0 = -f*q - h - 3. Let s(l) = -8*l**2 - 1. Calculate s(q).
-9
Let g(q) = 8*q**3 - q**2 - 20 - 21 + 42. What is g(-1)?
-8
Let c be (-2)/(-8) + 63/(-28). Let s(k) = -4*k + 3. Let n(q) = -9*q + 7. Let a(u) = 2*n(u) - 5*s(u). Determine a(c).
-5
Let i(z) be the third derivative of z**6/120 - z**5/60 + 4*z**2. Let j(v) = 5*v**3 - v**2 - 3*v - 5. Let m(k) = -4*i(k) + j(k). What is m(-4)?
-9
Let b(s) = -s**2 - 6*s - 5. Suppose 5*q + 10 = 0, -5*q = r + 14 - 0. Calculate b(r).
3
Let z(h) = h**3 + h**2 + 1. Let q(o) = 7*o**3 + 6*o**2 + 2*o + 3. Let r(y) = q(y) - 6*z(y). What is r(2)?
9
Let z(a) = 10*a - 3. Let l be z(3). Let n be l/(-18)*(-4)/6. Let f(u) be the first derivative of u**4/4 - u**3/3 + u**2/2 + 1. What is f(n)?
1
Suppose -g + 6*g + 25 = 0. Let w(u) be the second derivative of -u**4/24 + u**3/3 + u**2/2 + 2*u. Let d(n) be the first derivative of w(n). Determine d(g).
7
Let a(r) = -r**3 + 2*r**2 + 4*r - 3. Let d(b) = -b**3 + b**2 + 5*b + 1. Let m be d(-2). Give a(m).
0
Let y(u) = 6 - 6 + u. What is y(-7)?
-7
Let y = 2 - 4. Let c = y - -2. Let l(r) = -3*r - 3*r - 7 + r**3 - r**2 + 5*r. Calculate l(c).
-7
Suppose k - 5 = -4*k. Let z(x) be the second derivative of -5*x**4/12 + x**3/6 - 9*x. What is z(k)?
-4
Let r(h) be the third derivative of -h**4/24 + 7*h**3/6 + 6*h**2. What is r(7)?
0
Let p(d) be the third derivative of d**4/12 - 2*d**3/3 - 8*d**2. Determine p(3).
2
Let r(q) be the first derivative of -q**4/24 - q**2 + 8. Let a(x) be the second derivative of r(x). Determine a(-2).
2
Let m(v) be the first derivative of -v**4 + 4*v**3/3 - 3*v - 5. Let z(w) = 2*w**3 - 2*w**2 + 2. Let x(l) = 3*m(l) + 5*z(l). Determine x(2).
-7
Let v = 4 + -2. Let d(y) = 6*y**2 + y**3 - v*y + 7*y - y + 1. Suppose -3*j + 7 = 22. Determine d(j).
6
Let n = 56 + -50. Let o(i) = 2*i - 8. Give o(n).
4
Let i(x) = x**2 - 6*x - 5. Let s be i(7). Let c be 3 + s + (-2)/1. Let d(n) = 2. Let z(f) = -f + 1. Let o(l) = 2*d(l) - 2*z(l). What is o(c)?
8
Let d(b) = -b**2 - 6. Let c be d(0). Let i(v) = -8. Let q(f) = f - 41. Let j(w) = -11*i(w) + 2*q(w). What is j(c)?
-6
Let d(c) = 2*c**3 - 15*c**2 + 2*c - 5. Let j = 7 + -12. Let p(n) = 3*n**3 - 23*n**2 + 3*n - 8. Let s(k) = j*p(k) + 8*d(k). Give s(4).
-12
Suppose 0 = 5*r - 11 - 4. Let z = -2 + r. Let v(w) = -2*w - 6*w + 5*w. Calculate v(z).
-3
Let v(x) = -6*x**3 + 2*x**2 - 2*x + 1. Suppose n = -g + 2, 5*n - 5*g + 2 = 2*n. Determine v(n).
-5
Let y(q) = 5*q**2 - 12*q + 4. Let h(d) = 4*d**2 - 11*d + 4. Let j(n) = 6*h(n) - 5*y(n). Calculate j(-6).
4
Let i(t) = -1 + 4*t + t - 3*t - t**2. Suppose -1 + 18 = 5*s + 2*g, -3*g - 17 = -s. Suppose 3*l = -2*j + 4, -5*l + 13 = -s*j - 2. Give i(l).
-1
Let d(m) = -4*m**2 - 2*m. Let l(g) = -5*g**2 - 2*g + 1. Let w(i) = -4*d(i) + 3*l(i). Let a = 3 - 6. Determine w(a).
6
Suppose -5*s = -h - 20, -4*h + 0 = -s - 15. Let g(q) be the third derivative of q**4/24 + q**3/6 - q**2. Give g(s).
6
Let j = 8 + -11. Let h(z) = 2*z**2 + 3*z - 4. Determine h(j).
5
Let h(m) = -m**2 - 5*m + 6. Let z be h(-5). Let w(k) = 4*k + 6. Let p(c) be the second derivative of -c**2/2 - 2*c. Let g(o) = z*p(o) + w(o). Calculate g(-1).
-4
Let a(q) = -q - 2. Let j be a(-7). Let s(v) = v**2. Let l be s(0). Let h(m) = -3*m + 2*m + l*m. What is h(j)?
-5
Let c(t) = -t**3 - 5*t**2 - 5*t - 3. Let p be (-69)/(-21) - 6/21. Let l be -3 + 1*(p - 4). What is c(l)?
1
Let k(q) = q**2 - 7*q - 1. Let b be ((-14*4)/4)/(-2). Give k(b).
-1
Let n = 0 - -2. Let z(j) = -j**3 - n*j**2 + 5*j + 0*j**3 - j**2 - 3 + 1. Give z(-4).
-6
Let x(b) = -4*b**2 - b - 6. Suppose 0 = 3*m - 4*m + 3. Let j(r) = -7*r**2 - 3*r - 11. Let v(o) = m*j(o) - 5*x(o). Let t be (0 + 1)*40/(-8). What is v(t)?
-8
Let r(q) = -q**2 - q. Let k(x) = 5*x**3 + 2*x**2 + 6*x - 1. Let f(n) = -k(n) - 4*r(n). What is f(1)?
-4
Let a be -2*(1 + 0) + -1. Let m(y) = -y**2 + 5*y - 6. Let o be m(4). Let w = a + o. Let b(g) = -g**3 - 4*g**2 + 4*g + 1. What is b(w)?
6
Let n(u) = u**3 + 21*u**2 - u - 19. Let r be n(-21). Let q(p) = -p**2 + 5*p - 2. Determine q(r).
4
Let q(i) be the second derivative of -i**5/60 - i**4/12 + i**3/2 + 3*i. Let y(d) be the second derivative of q(d). Give y(-3).
4
Let f be 2/6 + 34/(-3). Let u = f + 7. Let l(n) = -2*n + 9. Let o(z) = 3*z - 18. Let x(b) = -5*l(b) - 3*o(b). Determine x(u).
5
Let u(i) = -i + 6. Let w = 21 - 17. Give u(w).
2
Let d be (-4 + 0 - -3)*-3. Let x(p) = -136*p + 2*p**2 - 3*p**2 + 135*p + d. Calculate x(0).
3
Suppose 7 - 2 = p. Let y(k) = 6 + 0*k + 4*k - k**2 + 0. Give y(p).
1
Let o(b) = 121*b - 2*b**3 - 5 + b**3 - 121*b + 5*b**2. Calculate o(5).
-5
Suppose 3 = -3*g - 3. Let l be 4 + -2 + g + 2. Let p(h) = 